culate the highest common factor of x and 16.
8
Let p be 1/(2/(118/2 - 1)). What is the greatest common factor of p and 203?
29
Suppose 0 = 4*u - 2 - 6. Calculate the greatest common divisor of u and 5.
1
Let j be (-200)/(-60) + (-2)/6. Calculate the greatest common divisor of j and 2.
1
Suppose -5*z + 55 = x - 40, -5*z + 80 = -2*x. What is the greatest common factor of 18 and z?
18
Suppose 2*k + 6*d - 235 = 3*d, 460 = 4*k + 4*d. Suppose 3*a - 30 = 5*f, 2*f - 50 = -5*a - f. What is the greatest common divisor of k and a?
10
Suppose 4*f = 9*f - 220. Calculate the highest common factor of 11 and f.
11
Let a(b) = -2*b**2 + 13*b - 9. Let t be a(5). What is the highest common factor of t and 3?
3
Let n = -375 + 613. Suppose -4*c + 6*c - g - n = 0, -g = c - 122. Calculate the highest common divisor of 15 and c.
15
Let k(w) = 53*w**2 + w. Let l be k(-1). Suppose 0 = -3*x - x + l. Calculate the greatest common factor of x and 39.
13
Suppose 0*s + 68 = 4*s - 4*y, -5*s = -4*y - 82. Calculate the greatest common factor of 42 and s.
14
Let v(d) = -d**2 + 8*d + 12. Let u be v(9). Suppose -3*g + u*f + 165 = -2*f, 185 = 4*g + 5*f. Calculate the greatest common factor of 10 and g.
10
Suppose w = -2*w + 324. Suppose -4*q = -q - w. Calculate the highest common divisor of 12 and q.
12
Suppose n + 66 = 2*n. Let g be 4/(-3)*n/(-4). Let f(k) = -k**3 - 2*k**2 - 7*k - 5. Let p be f(-4). Calculate the highest common divisor of p and g.
11
Let v = -4 + 7. Suppose 5*f = -v*r - 0*r + 335, 4*r - 3*f - 437 = 0. What is the highest common factor of 10 and r?
10
Let l(m) = -m**2 - m + 15. Let u be l(0). What is the greatest common factor of u and 15?
15
Suppose 5*w = -n + 15, -n + 3*w + 4 = n. Let b = 10 + -5. Calculate the greatest common factor of b and n.
5
Let k = 6 + -5. Let a = 1 - -8. What is the greatest common divisor of k and a?
1
Let c = 99 - 39. Calculate the greatest common divisor of c and 20.
20
Suppose -3*a + 0*a = -180. Calculate the greatest common divisor of a and 24.
12
Suppose -137 = -5*j + 38. Let o be ((-1)/3)/((-3)/45). Calculate the highest common divisor of j and o.
5
Let t(w) = w**2 + 8*w - 9. Let c be t(-8). Let x = c + 31. What is the highest common divisor of x and 33?
11
Let w = 197 + -71. Calculate the highest common factor of 18 and w.
18
Suppose -5*p + 3*n + 3 = -144, 0 = -3*p + 2*n + 88. Let q be (p/40)/(2/8). Calculate the highest common divisor of q and 9.
3
Let g = 5 + 10. Let z(b) = -2*b**3 - 2*b**2 - b + 5. Let c = 7 + -11. Let m be z(c). Calculate the highest common divisor of m and g.
15
Suppose -8*u + 3 = -237. Calculate the highest common factor of 240 and u.
30
Suppose -44 - 10 = -4*x + 5*j, 0 = -x + j + 13. What is the greatest common factor of x and 33?
11
Let j be (-3 - 21/(-9))*-9. Calculate the greatest common factor of 4 and j.
2
Suppose 2*x + 13 - 35 = 5*w, x = -3*w + 33. What is the highest common factor of x and 28?
7
Suppose -4*z + 10*z - 138 = 0. What is the highest common factor of z and 115?
23
Let i = -9 + 21. Let h = 58 + -50. What is the greatest common divisor of h and i?
4
Suppose 2*z - 1 - 53 = 0. Suppose 6 = 2*x - 0*x. Calculate the greatest common factor of z and x.
3
Let t(b) = b**3 - 2*b**2 - 5*b. Let r be t(4). Suppose 2*d = d. Let m = r - d. Calculate the highest common divisor of m and 108.
12
Suppose 3*a + 693 = 4*d, 5*a = 3*d - 8*d + 840. What is the greatest common factor of d and 19?
19
Suppose 0 = -3*k + k + 88. Calculate the greatest common divisor of 22 and k.
22
Suppose -8*b = 13 - 21. What is the highest common divisor of b and 1?
1
Let w = 5 - 2. Suppose 0 = -w*l + 7*l - 12. Suppose -u - 4 = -2*u - 4*m, l*u + 3*m = 39. What is the greatest common divisor of 64 and u?
16
Let o = -7 - -43. Suppose 5*s + o = 171. Calculate the highest common divisor of 3 and s.
3
Suppose 5 + 7 = n. Let v = n - 6. Let l = 17 - -1. What is the greatest common divisor of l and v?
6
Let p(b) = 8*b**3 + 3*b**2 - 2*b. Let m be p(2). What is the highest common divisor of 8 and m?
8
Let d be (-282)/(-26) - 4/(-26). Calculate the greatest common divisor of 121 and d.
11
Let g be ((-4)/6)/(4/6). Let v(k) = 46*k**2 + 1. Let i be v(g). Suppose 5*j - 93 = i. What is the greatest common factor of 4 and j?
4
Let l = 653 + -437. What is the highest common factor of l and 24?
24
Suppose 0 = -4*b + 16, -2*b = o + b - 13. What is the highest common factor of o and 11?
1
Let h(c) = -c**2 - 7*c - 6. Let p be h(-5). Suppose x - 3*n = 12, -4*x + p*n + 64 = -0*x. Calculate the highest common factor of 72 and x.
18
Let c = 6 + -4. Suppose 3*m - 15 = -c*m. Suppose 7 = 3*l - p - 14, -l - 3*p = m. Calculate the greatest common divisor of 66 and l.
6
Let y be 2/(3 - 5/2). Calculate the greatest common factor of 44 and y.
4
Suppose 133*a = 130*a + 348. Calculate the greatest common factor of a and 29.
29
Let g be (-216)/(-15) + (-2)/5. Suppose 0 = -m + 3*m - g. Let r = 11 - m. Calculate the highest common factor of 1 and r.
1
Let t(q) = -2 + 14*q - 1 - q**2 + 5. Let u be t(7). Calculate the greatest common divisor of 34 and u.
17
Suppose 0 = 4*n - n - 135. Let a = 10 + -8. Suppose -a + 12 = 2*t. What is the greatest common divisor of n and t?
5
Suppose -3*t = -11 - 31. Let n be 161/t - 1/2. Suppose -n = -2*i - 1. What is the highest common factor of 45 and i?
5
Suppose -2*q = 3*q - 215. Suppose -z + 4*b + q = 0, 3*b = -5*z - b + 167. What is the greatest common factor of 14 and z?
7
Suppose -b - 2*b = 2*t - 6, 3*t + 3*b - 9 = 0. Suppose t*k - 4*k = -19. What is the highest common divisor of 76 and k?
19
Let j = 60 + -33. Suppose 5 + 5 = -5*c. Let n(v) = -3*v - 3. Let o be n(c). What is the greatest common factor of o and j?
3
Let r(q) = -8*q - 1. Let n be r(-3). Calculate the highest common factor of n and 46.
23
Suppose -55*f = -53*f - 16. Calculate the highest common factor of 88 and f.
8
Let c be (120/9)/((-6)/(-9)). What is the highest common factor of c and 50?
10
Suppose 2*t - 5 = -1. Suppose -28 = -t*u + 8. What is the highest common factor of 198 and u?
18
Let n(u) = u**3 - 2*u**2 - 2*u + 4. Let x be n(4). What is the highest common factor of 70 and x?
14
Let b(y) = -y**3 - 4*y**2 - y - 4. Let t be b(-4). Let k be 3 + 2 + t/2. Calculate the highest common factor of k and 50.
5
Suppose 2*k + 3 = 51. Calculate the highest common divisor of k and 120.
24
Suppose -444 = -10*k + 106. Calculate the highest common factor of 5 and k.
5
Suppose -2*z + 4*s = 2*z - 52, 4*s + 10 = z. Calculate the greatest common factor of z and 14.
14
Suppose -y = -3*y + 5*x + 115, -3*x - 60 = -y. Let h(l) = l**2 - l + 3. Let m be h(4). What is the highest common divisor of y and m?
15
Let s(o) = -3*o + 6. Let p be s(-5). Let i = 12 + 7. Let t = p + i. Calculate the highest common factor of 10 and t.
10
Let v(q) = -52*q - 1. Let o be v(-1). Let x(f) = -f**2 + 12*f - 10. Let j be x(9). Calculate the greatest common divisor of j and o.
17
Let w(t) = 27*t**2. Let c be w(1). What is the highest common divisor of 9 and c?
9
Let n = 32 - 77. Let o = n + 81. Calculate the highest common divisor of o and 4.
4
Suppose -2*p = 55 - 85. Calculate the greatest common divisor of p and 120.
15
Let p = -43 - -73. Calculate the greatest common divisor of p and 75.
15
Suppose -2*s - 99 = -6*s + p, -2*s + 46 = -4*p. Let v = s + -14. What is the highest common factor of 121 and v?
11
Let o be 0/(-1) + 4*5. Let i(a) = -5*a. Let x(j) = -j**2 - 2*j + 1. Let l be x(-3). Let p be i(l). What is the highest common factor of p and o?
10
Suppose -4*s + 2*s = 0. Suppose -2*k + 3*r = -75 - 10, -4*k + r + 195 = s. Calculate the highest common factor of k and 20.
10
Let q(g) = 7*g - 1. Let c be q(1). Suppose 2*y = -2*y + 12. Suppose -3*z + 37 = s - 14, -y*s = z - 129. What is the highest common factor of s and c?
6
Let j = -6 - -6. Suppose j = -5*c + 60 - 0. Calculate the highest common factor of 4 and c.
4
Suppose i = 4 + 1. What is the highest common divisor of 30 and i?
5
Let g(z) = -z**2 + 14*z + 33. Let q be g(12). Let o(c) = 37*c + 1. Let x be o(1). What is the highest common factor of q and x?
19
Let f = -4 - -9. Suppose 3*t - w = 37, 2*w + 2*w + 71 = f*t. Let b(x) = x**3 + 5*x**2 - x + 2. Let d be b(-4). What is the greatest common factor of d and t?
11
Suppose -4*f + 200 = -4*c, -5*